{"id":5363,"date":"2024-01-27T14:18:31","date_gmt":"2024-01-27T14:18:31","guid":{"rendered":"https:\/\/www.brunomeza.com\/?post_type=product&#038;p=5363"},"modified":"2025-11-17T18:01:12","modified_gmt":"2025-11-17T18:01:12","slug":"copytrading-replicador-de-metatrader-4-hacia-ninjatrader-8-opera-desde-el-telefono-copia","status":"publish","type":"product","link":"https:\/\/brunomeza.com\/index.php\/producto\/copytrading-replicador-de-metatrader-4-hacia-ninjatrader-8-opera-desde-el-telefono-copia\/","title":{"rendered":"[CopyTrading] Replicador de MetaTrader 4 hacia NinjaTrader 8 [Opera desde el tel\u00e9fono]"},"content":{"rendered":"<h1 style=\"text-align: center;\"><strong>Replicador de MetaTrader 4 hacia NinjaTrader 8<\/strong><\/h1>\n<div style=\"position: relative; padding-bottom: 56.25%; height: 0; overflow: hidden; max-width: 100%; margin: 0 auto;\"><iframe style=\"position: absolute; top: 0; left: 0; width: 100%; height: 100%;\" title=\"YouTube video player\" src=\"https:\/\/www.youtube.com\/embed\/iHk_aaEXxls?si=KYcs6sSGALpdK8A6\" frameborder=\"0\" allowfullscreen=\"allowfullscreen\"><br \/>\n<\/iframe><\/div>\n<h2><strong>\u00bfOperas en MetaTrader 4 y te gustar\u00eda replicar esas operaciones a NinjaTrader 8?<\/strong><\/h2>\n<p>Este replicador es la soluci\u00f3n ideal para traders que desean replicar sus operaciones desde una cuenta ubicada en MetaTrader 4 hacia NinjaTrader 8 de manera eficiente. Este replicador es capaz de replicar hacia una cuenta ubicada dentro del mercado de futuros como dentro del mercado de CFDs.<\/p>\n<h2><strong>1\ufe0f\u20e3 Caracter\u00edsticas principales:<\/strong><\/h2>\n<ul>\n<li><strong>\u27a4 Replica hacia futuros y CFDs<\/strong>: Transfiere operaciones de MetaTrader 4 hacia NinjaTrader 8 de forma fluida, sin importar si operas CFDs o futuros.<\/li>\n<li><strong>\u27a4 Replica m\u00faltiples cuentas del mismo\/diferentes br\u00f3kers en una sola computadora<\/strong>: Replica tus operaciones desde MetaTrader 4 hacia varias cuentas de NinjaTrader 8 al mismo tiempo, sin necesidad de computadoras adicionales. Todo se gestiona desde una sola computadora.<\/li>\n<li><strong>\u27a4 Market Edition: <\/strong>Transformaci\u00f3n de CFDs a futuros. Los precios en los que fluct\u00faan los instrumentos en el mercado de futuros son diferentes a los precios en los que fluct\u00faan los instrumentos en el mercado de CFDs. Es por esta raz\u00f3n que entre NinjaTrader 8 y MetaTrader 4 ver\u00e1s fluctuaciones parecidas pero no id\u00e9nticas. Esto imposibilita que se puedan replicar \u00f3rdenes limitadas de forma directa porque en el caso de hacerlo, ver\u00edas que se colocar\u00edan en precios NO deseados debido a que la estructura en CFDs es diferente. Para resolver esto, el replicador utiliza un modo de replicaci\u00f3n conocido como \u00abMarket Edition\u00bb. La market edition significa que, cuando utilices \u00f3rdenes l\u00edmite en la cuenta padre de MetaTrader 4 (\u00f3rdenes\u202fde\u202ftarget u \u00f3rdenes\u202fde\u202fstop), estas no se visualizar\u00e1n en\u202fNinjaTrader 8. Sin embargo, cuando el mercado toque y ejecute la orden limitada en\u202fMetaTrader 4, el replicador enviar\u00e1 de inmediato una orden a mercado equivalente a NinjaTrader 8 para que se ejecute, lo que resultar\u00e1 en los mismos resultados. El replicador solo est\u00e1 disponible en su versi\u00f3n market edition. Obt\u00e9n m\u00e1s informaci\u00f3n de la market edition haciendo <a href=\"https:\/\/www.brunomeza.com\/index.php\/2021\/01\/13\/copiadoras-marketedition-ventajas-y-desventajas\/\" target=\"_blank\" rel=\"noopener\">clic aqu\u00ed.<\/a><\/li>\n<li><strong>\u27a4 Transformaci\u00f3n de contratos a lotes<\/strong>: Puedes establecer una equivalencia de cuantos lotes equivaldr\u00e1n a 1 contrato. De esa manera, cuando MetaTrader 4 ingrese a dicha cantidad de lotes, entonces ingresar\u00e1 a 1 contrato en NinjaTrader 8. Por ejemplo, si configuras el par\u00e1metro de equivalencia en 0.3, entonces por cada 0.3 lotes que se ingrese en MetaTrader 4 har\u00e1 que se ingrese 1 contrato en NinjaTrader. De esta manera si ingresas 0.3 lotes en MetaTrader 4, ingresas en 1 contrato en NinjaTrader. Si ingresas 0.6 contratos en MetaTrader 4, ingresar\u00e1s en 2 contratos en NinjaTrader 8 y as\u00ed sucesivamente.<\/li>\n<li><strong>\u27a4 Replicaci\u00f3n inversa (opcional)<\/strong>: Si lo deseas, puedes activar la replicaci\u00f3n inversa. Esto significa que si haces una operaci\u00f3n de compra en la cuenta padre, en la cuenta esclava se ejecutar\u00e1 una venta, y viceversa. Esta funcionalidad te permite aplicar estrategias m\u00e1s flexibles en tu trading.<\/li>\n<li><strong>\u27a4 Funciona con cualquier cuenta<\/strong>: Compatible con empresas de fondeo, cuentas reales y cualquier br\u00f3ker.<\/li>\n<\/ul>\n<hr \/>\n<h2><strong>2\ufe0f\u20e3\u00a0 Otras caracter\u00edsticas \u00fanicas:<\/strong><\/h2>\n<ul>\n<li><strong>\u27a1\ufe0f Pago \u00fanico, sin mensualidades<\/strong>: Obt\u00e9n soporte y actualizaciones de por vida con una \u00fanica compra.<\/li>\n<li><strong>\u27a1\ufe0f Cambios de computadora ilimitados:<\/strong> Puedes realizar cambios de m\u00e1quina gratuita e ilimitadamente siempre y cuando siga siendo de uso personal.<\/li>\n<li><strong>\u27a1\ufe0f<\/strong><strong>\u00a0Licencia para una computadora<\/strong>: El replicador funciona localmente en una sola PC.<\/li>\n<\/ul>\n","protected":false},"excerpt":{"rendered":"<p><strong>El Replicador de MetaTrader 4 hacia NinjaTrader 8<\/strong> replica tus operaciones desde una cuenta padre de MetaTrader 4 hacia m\u00faltiples cuentas de NinjaTrader 8.<\/p>\n","protected":false},"featured_media":10017,"template":"","meta":[],"product_brand":[],"product_cat":[116],"product_tag":[],"class_list":{"0":"post-5363","1":"product","2":"type-product","3":"status-publish","4":"has-post-thumbnail","6":"product_cat-replicadores","8":"first","9":"instock","10":"sale","11":"virtual","12":"purchasable","13":"product-type-simple"},"yoast_head":"<!-- This site is optimized with the Yoast SEO plugin v27.4 - https:\/\/yoast.com\/product\/yoast-seo-wordpress\/ -->\n<title>\ud83e\udd11Replicador de MetaTrader 4 hacia NinjaTrader 8 a $89.95 \u00a1De por vida!<\/title>\n<meta name=\"description\" content=\"\u00bfOperas desde MetaTrader 4 y te gustar\u00eda ver esas operaciones reflejadas en NinjaTrader 8? Este replicador es la soluci\u00f3n perfecta\" \/>\n<meta name=\"robots\" content=\"index, follow, max-snippet:-1, max-image-preview:large, max-video-preview:-1\" \/>\n<link rel=\"canonical\" href=\"https:\/\/brunomeza.com\/index.php\/producto\/copytrading-replicador-de-metatrader-4-hacia-ninjatrader-8-opera-desde-el-telefono-copia\/\" \/>\n<meta property=\"og:locale\" content=\"es_ES\" \/>\n<meta property=\"og:type\" content=\"article\" \/>\n<meta property=\"og:title\" content=\"\ud83e\udd11Replicador de MetaTrader 4 hacia NinjaTrader 8 a $89.95 \u00a1De por vida!\" \/>\n<meta property=\"og:description\" content=\"\u00bfOperas desde MetaTrader 4 y te gustar\u00eda ver esas operaciones reflejadas en NinjaTrader 8? Este replicador es la soluci\u00f3n perfecta\" \/>\n<meta property=\"og:url\" content=\"https:\/\/brunomeza.com\/index.php\/producto\/copytrading-replicador-de-metatrader-4-hacia-ninjatrader-8-opera-desde-el-telefono-copia\/\" \/>\n<meta property=\"og:site_name\" content=\"BRUNO MEZA\" \/>\n<meta property=\"article:modified_time\" content=\"2025-11-17T18:01:12+00:00\" \/>\n<meta property=\"og:image\" content=\"https:\/\/brunomeza.com\/wp-content\/uploads\/2024\/05\/Replicador-de-MetaTrader-4-hacia-NinjaTrader.jpg\" \/>\n\t<meta property=\"og:image:width\" content=\"1080\" \/>\n\t<meta property=\"og:image:height\" content=\"1080\" \/>\n\t<meta property=\"og:image:type\" content=\"image\/jpeg\" \/>\n<meta name=\"twitter:card\" content=\"summary_large_image\" \/>\n<meta name=\"twitter:label1\" content=\"Tiempo de lectura\" \/>\n\t<meta name=\"twitter:data1\" content=\"3 minutos\" \/>\n<script type=\"application\/ld+json\" class=\"yoast-schema-graph\">{\"@context\":\"https:\\\/\\\/schema.org\",\"@graph\":[{\"@type\":\"WebPage\",\"@id\":\"https:\\\/\\\/brunomeza.com\\\/index.php\\\/producto\\\/copytrading-replicador-de-metatrader-4-hacia-ninjatrader-8-opera-desde-el-telefono-copia\\\/\",\"url\":\"https:\\\/\\\/brunomeza.com\\\/index.php\\\/producto\\\/copytrading-replicador-de-metatrader-4-hacia-ninjatrader-8-opera-desde-el-telefono-copia\\\/\",\"name\":\"\ud83e\udd11Replicador de MetaTrader 4 hacia NinjaTrader 8 a $89.95 \u00a1De por vida!\",\"isPartOf\":{\"@id\":\"https:\\\/\\\/brunomeza.com\\\/#website\"},\"primaryImageOfPage\":{\"@id\":\"https:\\\/\\\/brunomeza.com\\\/index.php\\\/producto\\\/copytrading-replicador-de-metatrader-4-hacia-ninjatrader-8-opera-desde-el-telefono-copia\\\/#primaryimage\"},\"image\":{\"@id\":\"https:\\\/\\\/brunomeza.com\\\/index.php\\\/producto\\\/copytrading-replicador-de-metatrader-4-hacia-ninjatrader-8-opera-desde-el-telefono-copia\\\/#primaryimage\"},\"thumbnailUrl\":\"https:\\\/\\\/brunomeza.com\\\/wp-content\\\/uploads\\\/2024\\\/05\\\/Replicador-de-MetaTrader-4-hacia-NinjaTrader.jpg\",\"datePublished\":\"2024-01-27T14:18:31+00:00\",\"dateModified\":\"2025-11-17T18:01:12+00:00\",\"description\":\"\u00bfOperas desde MetaTrader 4 y te gustar\u00eda ver esas operaciones reflejadas en NinjaTrader 8? Este replicador es la soluci\u00f3n perfecta\",\"breadcrumb\":{\"@id\":\"https:\\\/\\\/brunomeza.com\\\/index.php\\\/producto\\\/copytrading-replicador-de-metatrader-4-hacia-ninjatrader-8-opera-desde-el-telefono-copia\\\/#breadcrumb\"},\"inLanguage\":\"es\",\"potentialAction\":[{\"@type\":\"ReadAction\",\"target\":[\"https:\\\/\\\/brunomeza.com\\\/index.php\\\/producto\\\/copytrading-replicador-de-metatrader-4-hacia-ninjatrader-8-opera-desde-el-telefono-copia\\\/\"]}]},{\"@type\":\"ImageObject\",\"inLanguage\":\"es\",\"@id\":\"https:\\\/\\\/brunomeza.com\\\/index.php\\\/producto\\\/copytrading-replicador-de-metatrader-4-hacia-ninjatrader-8-opera-desde-el-telefono-copia\\\/#primaryimage\",\"url\":\"https:\\\/\\\/brunomeza.com\\\/wp-content\\\/uploads\\\/2024\\\/05\\\/Replicador-de-MetaTrader-4-hacia-NinjaTrader.jpg\",\"contentUrl\":\"https:\\\/\\\/brunomeza.com\\\/wp-content\\\/uploads\\\/2024\\\/05\\\/Replicador-de-MetaTrader-4-hacia-NinjaTrader.jpg\",\"width\":1080,\"height\":1080,\"caption\":\"Replicador de Metatrader 4 a NinjaTrader 8\"},{\"@type\":\"BreadcrumbList\",\"@id\":\"https:\\\/\\\/brunomeza.com\\\/index.php\\\/producto\\\/copytrading-replicador-de-metatrader-4-hacia-ninjatrader-8-opera-desde-el-telefono-copia\\\/#breadcrumb\",\"itemListElement\":[{\"@type\":\"ListItem\",\"position\":1,\"name\":\"Portada\",\"item\":\"https:\\\/\\\/brunomeza.com\\\/\"},{\"@type\":\"ListItem\",\"position\":2,\"name\":\"Productos\",\"item\":\"https:\\\/\\\/brunomeza.com\\\/index.php\\\/tienda\\\/\"},{\"@type\":\"ListItem\",\"position\":3,\"name\":\"[CopyTrading] Replicador de MetaTrader 4 hacia NinjaTrader 8 [Opera desde el tel\u00e9fono]\"}]},{\"@type\":\"WebSite\",\"@id\":\"https:\\\/\\\/brunomeza.com\\\/#website\",\"url\":\"https:\\\/\\\/brunomeza.com\\\/\",\"name\":\"BRUNO MEZA\",\"description\":\"Programaci\u00f3n e inversi\u00f3n\",\"publisher\":{\"@id\":\"https:\\\/\\\/brunomeza.com\\\/#organization\"},\"potentialAction\":[{\"@type\":\"SearchAction\",\"target\":{\"@type\":\"EntryPoint\",\"urlTemplate\":\"https:\\\/\\\/brunomeza.com\\\/?s={search_term_string}\"},\"query-input\":{\"@type\":\"PropertyValueSpecification\",\"valueRequired\":true,\"valueName\":\"search_term_string\"}}],\"inLanguage\":\"es\"},{\"@type\":\"Organization\",\"@id\":\"https:\\\/\\\/brunomeza.com\\\/#organization\",\"name\":\"Bruno Meza\",\"url\":\"https:\\\/\\\/brunomeza.com\\\/\",\"logo\":{\"@type\":\"ImageObject\",\"inLanguage\":\"es\",\"@id\":\"https:\\\/\\\/brunomeza.com\\\/#\\\/schema\\\/logo\\\/image\\\/\",\"url\":\"https:\\\/\\\/brunomeza.com\\\/wp-content\\\/uploads\\\/2021\\\/02\\\/logoBruno.png\",\"contentUrl\":\"https:\\\/\\\/brunomeza.com\\\/wp-content\\\/uploads\\\/2021\\\/02\\\/logoBruno.png\",\"width\":800,\"height\":800,\"caption\":\"Bruno Meza\"},\"image\":{\"@id\":\"https:\\\/\\\/brunomeza.com\\\/#\\\/schema\\\/logo\\\/image\\\/\"}}]}<\/script>\n<!-- \/ Yoast SEO plugin. -->","yoast_head_json":{"title":"\ud83e\udd11Replicador de MetaTrader 4 hacia NinjaTrader 8 a $89.95 \u00a1De por vida!","description":"\u00bfOperas desde MetaTrader 4 y te gustar\u00eda ver esas operaciones reflejadas en NinjaTrader 8? Este replicador es la soluci\u00f3n perfecta","robots":{"index":"index","follow":"follow","max-snippet":"max-snippet:-1","max-image-preview":"max-image-preview:large","max-video-preview":"max-video-preview:-1"},"canonical":"https:\/\/brunomeza.com\/index.php\/producto\/copytrading-replicador-de-metatrader-4-hacia-ninjatrader-8-opera-desde-el-telefono-copia\/","og_locale":"es_ES","og_type":"article","og_title":"\ud83e\udd11Replicador de MetaTrader 4 hacia NinjaTrader 8 a $89.95 \u00a1De por vida!","og_description":"\u00bfOperas desde MetaTrader 4 y te gustar\u00eda ver esas operaciones reflejadas en NinjaTrader 8? Este replicador es la soluci\u00f3n perfecta","og_url":"https:\/\/brunomeza.com\/index.php\/producto\/copytrading-replicador-de-metatrader-4-hacia-ninjatrader-8-opera-desde-el-telefono-copia\/","og_site_name":"BRUNO MEZA","article_modified_time":"2025-11-17T18:01:12+00:00","og_image":[{"width":1080,"height":1080,"url":"https:\/\/brunomeza.com\/wp-content\/uploads\/2024\/05\/Replicador-de-MetaTrader-4-hacia-NinjaTrader.jpg","type":"image\/jpeg"}],"twitter_card":"summary_large_image","twitter_misc":{"Tiempo de lectura":"3 minutos"},"schema":{"@context":"https:\/\/schema.org","@graph":[{"@type":"WebPage","@id":"https:\/\/brunomeza.com\/index.php\/producto\/copytrading-replicador-de-metatrader-4-hacia-ninjatrader-8-opera-desde-el-telefono-copia\/","url":"https:\/\/brunomeza.com\/index.php\/producto\/copytrading-replicador-de-metatrader-4-hacia-ninjatrader-8-opera-desde-el-telefono-copia\/","name":"\ud83e\udd11Replicador de MetaTrader 4 hacia NinjaTrader 8 a $89.95 \u00a1De por vida!","isPartOf":{"@id":"https:\/\/brunomeza.com\/#website"},"primaryImageOfPage":{"@id":"https:\/\/brunomeza.com\/index.php\/producto\/copytrading-replicador-de-metatrader-4-hacia-ninjatrader-8-opera-desde-el-telefono-copia\/#primaryimage"},"image":{"@id":"https:\/\/brunomeza.com\/index.php\/producto\/copytrading-replicador-de-metatrader-4-hacia-ninjatrader-8-opera-desde-el-telefono-copia\/#primaryimage"},"thumbnailUrl":"https:\/\/brunomeza.com\/wp-content\/uploads\/2024\/05\/Replicador-de-MetaTrader-4-hacia-NinjaTrader.jpg","datePublished":"2024-01-27T14:18:31+00:00","dateModified":"2025-11-17T18:01:12+00:00","description":"\u00bfOperas desde MetaTrader 4 y te gustar\u00eda ver esas operaciones reflejadas en NinjaTrader 8? Este replicador es la soluci\u00f3n perfecta","breadcrumb":{"@id":"https:\/\/brunomeza.com\/index.php\/producto\/copytrading-replicador-de-metatrader-4-hacia-ninjatrader-8-opera-desde-el-telefono-copia\/#breadcrumb"},"inLanguage":"es","potentialAction":[{"@type":"ReadAction","target":["https:\/\/brunomeza.com\/index.php\/producto\/copytrading-replicador-de-metatrader-4-hacia-ninjatrader-8-opera-desde-el-telefono-copia\/"]}]},{"@type":"ImageObject","inLanguage":"es","@id":"https:\/\/brunomeza.com\/index.php\/producto\/copytrading-replicador-de-metatrader-4-hacia-ninjatrader-8-opera-desde-el-telefono-copia\/#primaryimage","url":"https:\/\/brunomeza.com\/wp-content\/uploads\/2024\/05\/Replicador-de-MetaTrader-4-hacia-NinjaTrader.jpg","contentUrl":"https:\/\/brunomeza.com\/wp-content\/uploads\/2024\/05\/Replicador-de-MetaTrader-4-hacia-NinjaTrader.jpg","width":1080,"height":1080,"caption":"Replicador de Metatrader 4 a NinjaTrader 8"},{"@type":"BreadcrumbList","@id":"https:\/\/brunomeza.com\/index.php\/producto\/copytrading-replicador-de-metatrader-4-hacia-ninjatrader-8-opera-desde-el-telefono-copia\/#breadcrumb","itemListElement":[{"@type":"ListItem","position":1,"name":"Portada","item":"https:\/\/brunomeza.com\/"},{"@type":"ListItem","position":2,"name":"Productos","item":"https:\/\/brunomeza.com\/index.php\/tienda\/"},{"@type":"ListItem","position":3,"name":"[CopyTrading] Replicador de MetaTrader 4 hacia NinjaTrader 8 [Opera desde el tel\u00e9fono]"}]},{"@type":"WebSite","@id":"https:\/\/brunomeza.com\/#website","url":"https:\/\/brunomeza.com\/","name":"BRUNO MEZA","description":"Programaci\u00f3n e inversi\u00f3n","publisher":{"@id":"https:\/\/brunomeza.com\/#organization"},"potentialAction":[{"@type":"SearchAction","target":{"@type":"EntryPoint","urlTemplate":"https:\/\/brunomeza.com\/?s={search_term_string}"},"query-input":{"@type":"PropertyValueSpecification","valueRequired":true,"valueName":"search_term_string"}}],"inLanguage":"es"},{"@type":"Organization","@id":"https:\/\/brunomeza.com\/#organization","name":"Bruno Meza","url":"https:\/\/brunomeza.com\/","logo":{"@type":"ImageObject","inLanguage":"es","@id":"https:\/\/brunomeza.com\/#\/schema\/logo\/image\/","url":"https:\/\/brunomeza.com\/wp-content\/uploads\/2021\/02\/logoBruno.png","contentUrl":"https:\/\/brunomeza.com\/wp-content\/uploads\/2021\/02\/logoBruno.png","width":800,"height":800,"caption":"Bruno Meza"},"image":{"@id":"https:\/\/brunomeza.com\/#\/schema\/logo\/image\/"}}]}},"_links":{"self":[{"href":"https:\/\/brunomeza.com\/index.php\/wp-json\/wp\/v2\/product\/5363","targetHints":{"allow":["GET"]}}],"collection":[{"href":"https:\/\/brunomeza.com\/index.php\/wp-json\/wp\/v2\/product"}],"about":[{"href":"https:\/\/brunomeza.com\/index.php\/wp-json\/wp\/v2\/types\/product"}],"wp:featuredmedia":[{"embeddable":true,"href":"https:\/\/brunomeza.com\/index.php\/wp-json\/wp\/v2\/media\/10017"}],"wp:attachment":[{"href":"https:\/\/brunomeza.com\/index.php\/wp-json\/wp\/v2\/media?parent=5363"}],"wp:term":[{"taxonomy":"product_brand","embeddable":true,"href":"https:\/\/brunomeza.com\/index.php\/wp-json\/wp\/v2\/product_brand?post=5363"},{"taxonomy":"product_cat","embeddable":true,"href":"https:\/\/brunomeza.com\/index.php\/wp-json\/wp\/v2\/product_cat?post=5363"},{"taxonomy":"product_tag","embeddable":true,"href":"https:\/\/brunomeza.com\/index.php\/wp-json\/wp\/v2\/product_tag?post=5363"}],"curies":[{"name":"wp","href":"https:\/\/api.w.org\/{rel}","templated":true}]}}